 p(y) = 2*y**3 + 12*y**2 + 8*y - 26. What is p(-8)?
-346
Let f(t) = -3*t**2 + 70*t + 14. Calculate f(22).
102
Let r(c) = -500*c + 499. Determine r(1).
-1
Let d(j) = -3*j**2 + 61*j - 311. Calculate d(6).
-53
Let j(x) = -329*x + 1555. Calculate j(5).
-90
Let f(p) = p**2 + 26*p + 91. Determine f(-15).
-74
Let i(m) = 148*m + 582. Determine i(-4).
-10
Let o(b) = 3*b**3 - 53*b**2 + 207*b + 16. Calculate o(6).
-2
Let m(x) = 2*x + 100. Give m(-23).
54
Let n(j) = 2*j**3 - 10*j**2 - 22*j + 72. Give n(5).
-38
Let y(w) = -w**3 + 66*w**2 - 129*w + 76. Determine y(64).
12
Let m(r) = r**2 + 52*r + 139. Give m(-44).
-213
Let x(a) = -3*a + 44. What is x(9)?
17
Let r(k) = -103*k - 192. Determine r(-4).
220
Let p(w) = 10*w**2 + 925*w - 461. Calculate p(-93).
4
Let j(v) = -33*v - 242. What is j(-8)?
22
Let m(j) = j**2 - 19*j + 49. Determine m(15).
-11
Let q(r) = 1617*r - 2. What is q(0)?
-2
Let j(y) = y**3 + 10*y**2 + 2*y + 43. Give j(0).
43
Let y(f) = -126*f**2 + 2270*f - 31. Calculate y(18).
5
Let p(j) = j**2 - 80*j + 1401. Calculate p(26).
-3
Let g(z) = -50*z**2 - 17*z - 3. What is g(1)?
-70
Let g(x) = x**2 + 78*x - 3229. What is g(-108)?
11
Let g(t) = 2*t**3 + 83*t**2 + 54*t + 7. Determine g(0).
7
Let p(g) = g**3 - 3*g**2 - 22*g - 9. Determine p(-4).
-33
Let s(h) = -2*h**3 + h**2 - 15*h + 35. Give s(2).
-7
Let s(j) = 400*j - 7207. Calculate s(18).
-7
Let b(r) = r**3 + 12*r**2 - 149*r - 1750. What is b(-11)?
10
Let l(j) = 39*j + 232. Determine l(-2).
154
Let k(f) = -f**3 + 17*f**2 + 12*f + 101. Give k(18).
-7
Let k(o) = -4*o**2 - 160*o + 17. Determine k(-40).
17
Let c(w) = 17*w + 1. Calculate c(-30).
-509
Let n(g) = -24*g + 605. Give n(25).
5
Let u(y) = -16*y**2 + 89*y + 35. Calculate u(6).
-7
Let k(x) = 3*x**3 - 262*x**2 - 1288*x - 5. Calculate k(92).
-5
Let q(o) = -24*o**2 + 207*o + 417. Determine q(-2).
-93
Let x(l) = -32*l + 2869. Determine x(90).
-11
Let s(b) = -4097*b + 36867. Determine s(9).
-6
Let l(d) = 14*d + 177. Give l(-15).
-33
Let p(j) = 6*j**2 - 19*j + 51. Determine p(2).
37
Let p(o) = -36*o - 489. Calculate p(-13).
-21
Let s(h) = 813*h + 15430. Give s(-19).
-17
Let r(b) = -b**2 + 205*b - 7189. Determine r(45).
11
Let f(n) = -n**2 + 141*n - 1061. Give f(8).
3
Let t(m) = -2*m**2 - 182*m - 1172. What is t(-7)?
4
Let i(v) = -v**3 - 52*v**2 + 1628*v + 17. Give i(22).
17
Let b(k) = 2*k**2 - 6*k - 3772. Give b(45).
8
Let v(z) = 2*z**3 + 14*z**2 - 69*z - 484. What is v(-7)?
-1
Let a(y) = -2*y**2 + 47*y + 38. What is a(25)?
-37
Let n(v) = -v**3 - 3*v**2 - 119*v - 496. Calculate n(-4).
-4
Let v(j) = 368*j - 65864. What is v(179)?
8
Let k(b) = 5*b**3 + 105*b**2 + 8*b - 3. Determine k(-21).
-171
Let n(h) = -h**2 - 67*h - 560. Give n(-10).
10
Let k(f) = f**2 + 8*f - 7. What is k(-10)?
13
Let q(a) = 2*a - 181. What is q(29)?
-123
Let v(s) = 302*s + 26891. Give v(-89).
13
Let p(u) = -u**3 - 74*u**2 + 82*u + 530. Calculate p(-75).
5
Let h(s) = -s**3 - 25*s**2 - 60*s - 39. What is h(-22)?
-171
Let b(u) = -14*u + 408. What is b(-9)?
534
Let l(x) = -4*x**2 + 65*x + 623. What is l(23)?
2
Let h(n) = -23*n + 3410. Determine h(149).
-17
Let m(k) = k**3 - 33*k**2 + 227*k + 28. Calculate m(10).
-2
Let y(h) = -19*h**2 - 880*h + 610. What is y(-47)?
-1
Let y(x) = 587*x + 34631. What is y(-59)?
-2
Let g(o) = -o**2 - 25*o + 272. Calculate g(-33).
8
Let x(l) = -60*l + 8231. What is x(137)?
11
Let f(u) = -4*u**3 - 9*u**2 - 6*u - 14. Determine f(-2).
-6
Let t(k) = -330*k - 1505. Give t(-5).
145
Let s(m) = m**2 - 136*m + 2616. Give s(26).
-244
Let j(u) = -6*u**3 - 17*u**2 - 6*u + 12. Give j(-3).
39
Let x(o) = 2*o**3 - 339*o**2 - 141*o - 4852. What is x(170)?
78
Let i(z) = -6*z**2 + 51*z + 353. Give i(-5).
-52
Let u(w) = w**3 + 21*w**2 + 37*w - 237. Calculate u(-18).
69
Let n(m) = -4*m**2 + 12*m + 49. Give n(5).
9
Let l(r) = r + 19. Calculate l(-4).
15
Let z(j) = -182*j - 930. Give z(-5).
-20
Let r(p) = -356*p - 13871. Give r(-39).
13
Let b(i) = -215*i**2 - 13*i + 8. Give b(1).
-220
Let x(c) = 46*c + 95. Determine x(-5).
-135
Let y(o) = -o**3 - 4*o**2 + 9*o - 72. Give y(-9).
252
Let q(i) = 12*i - 454. Determine q(33).
-58
Let h(f) = 3*f**3 + 21*f**2 - 33*f - 9. What is h(-8)?
63
Let x(c) = c**2 + 168*c - 1398. What is x(8)?
10
Let o(z) = 8*z + 278. Give o(-38).
-26
Let g(h) = 2*h**3 + 181*h**2 + 60*h - 2712. Give g(-90).
-12
Let n(k) = -k**2 + 278*k + 9579. Determine n(-31).
0
Let k(h) = -h**2 - 16*h - 69. Determine k(-6).
-9
Let v(r) = -3*r**2 + 59*r - 154. What is v(3)?
-4
Let t(s) = -s**2 - 203*s + 5233. Calculate t(23).
35
Let o(n) = n**3 - 36*n**2 - 116*n - 33. Give o(39).
6
Let j(t) = -36*t**3 - 4*t**2 + 8*t - 5. Determine j(1).
-37
Let w(p) = p**3 - 7*p**2 - 3*p + 26. Calculate w(6).
-28
Let u(d) = -3*d**3 - 14*d**2 + 5*d + 54. Determine u(-2).
12
Let a(p) = 7*p**2 + 343*p - 1550. Calculate a(-53).
-66
Let w(z) = -z**3 + 24*z**2 - 45*z + 362. What is w(23)?
-144
Let p(a) = 123*a + 2592. Calculate p(-21).
9
Let w(q) = -2140*q - 8553. Give w(-4).
7
Let b(a) = 13*a**2 - 22*a - 41. Calculate b(-4).
255
Let r(v) = 227*v + 10891. Give r(-48).
-5
Let l(h) = -1359*h + 9050. Give l(7).
-463
Let m(f) = -6*f**3 - 10*f**2 + 3*f + 6. Give m(-2).
8
Let h(a) = a**3 + 55*a**2 - 114*a + 65. What is h(-57)?
65
Let x(u) = 7*u**3 - 29*u**2 + 55*u - 9. Give x(2).
41
Let q(u) = -538*u + 38179. Give q(71).
-19
Let b(q) = q**3 - 19*q**2 - 16*q - 77. Give b(20).
3
Let f(b) = 430*b - 2147. What is f(5)?
3
Let w(x) = -46*x**2 + 101*x + 3. Calculate w(3).
-108
Let f(h) = h**2 - 55*h + 575. What is f(20)?
-125
Let f(r) = -19*r - 110. What is f(-9)?
61
Let w(v) = 7*v**2 - 858*v + 483. What is w(122)?
-5
Let n(c) = -c**3 + c**2 - 507*c + 4503. Give n(8).
-1
Let h(q) = 21*q + 550. What is h(-14)?
256
Let v(u) = 188*u + 1319. Calculate v(-7).
3
Let s(o) = -300*o - 1496. Give s(-5).
4
Let u(n) = -12075*n - 48315. Calculate u(-4).
-15
Let p(f) = 878*f - 984. What is p(1)?
-106
Let l(u) = 2133*u + 6384. What is l(-3)?
-15
Let z(h) = -3*h + 204. Calculate z(-16).
252
Let c(o) = -o**2 - 487*o + 12275. Determine c(24).
11
Let q(x) = -6*x - 101. Give q(-20).
19
Let s(x) = -x**2 + 196*x - 5247. Determine s(164).
1
Let k(g) = 3*g**3 + 7*g**2 - 18*g + 50. Calculate k(4).
282
Let h(z) = z**2 + 136*z + 4639. Determine h(-68).
15
Let g(y) = -2*y**2 + 28*y + 62. What is g(21)?
-232
Let l(x) = -243*x + 467. What is l(2)?
-19
Let u(n) = -43*n**2 + 367*n - 10. What is u(8)?
174
Let z(x) = -2817*x - 11273. What is z(-4)?
-5
Let b(o) = 205*o**2 - 26*o - 2. Give b(2).
766
Let s(p) = -3*p**3 - 5*p**2 - 284*p - 279. Calculate s(-1).
3
Let x(o) = -2*o**2 + 79*o - 461. Give x(31).
66
Let l(f) = -f**3 + 24*f**2 + 73*f - 531. Determine l(26).
15
Let j(d) = -d**3 + 2*d**2 - 8*d - 19. Give j(0).
-19
Let h(k) = k**3 - 2*k**2 + 4*k - 4. What is h(3)?
17
Let v(b) = -b - 135. Give v(-26).
-109
Let y(o) = 12*o**2 - 51*o - 8. Determine y(6).
118
Let q(a) = 6*a - 333. Give q(40).
-93
Let o(x) = 12*x + 200. Calculate o(-35).
-220
Let c(v) = 2*v**2 - 7*v - 228. Give c(21).
507
Let f(z) = -173*z - 2592. Calculate f(-15).
3
Let s(d) = -2*d**3 + 4*d**2 - 44*d + 136. Calculate s(3).
-14
Let a(u) = 270*u + 16783. What is a(-62)?
43
Let u(k) = -210*k - 1655. Determine u(-8).
25
Let b(a) = -14*a + 312. Determine b(28).
-80
Let l(g) = g**3 + 52*g**2 + 143*g - 192. Give l(-49).
4
Let w(k) = 6*k**2 - 52*k + 9. Determine w(8).
-23
Let r(w) = -10*w**2 - 102*w - 164. Give r(-8).
12
Let s(i) = 15*i - 508. Determine s(8).
-388
Let a(d) = 5*d**2 - 556*d + 1625. What is a(3)?
2
Let w(o) = -o**3 + 74*o**2 - 1248*o + 3. What is w(48)?
3
Let c(d) = -4*d**3 - 32*d**2 - 32. Calculate c(-8).
-32
Let u(x) = x**3 - 8*x**2 - 4*x + 3. Give u(8).
-29
Let k(h) = h**3 - h**2 + 36*h + 61. Give k(0).
61
Let h(d) = 7*d**3 + 74*d**2 + 95*d - 23. Give h(-9).
13
Let c(z) = -7*z + 412. Give c(62).
-22
Let v(a) = -2*a**2 - 374*a - 16946. Determine v(-77).
-6
Let u(o) = -34*o + 4778. Give u(141).
-16
Let r(p) = 52*p + 302. Calculate r(-9).
-166
Let y(g) = -40*g - 14. Calculate y(-4).
146
Let m(n) = 38*n + 2331. Give m(-62).
-25
Let c(b) = b**2 + 107*b + 302. Give c(-3).
-10
Let q(y) = 28*y + 495. Determine q(-18).
-9
Let r(p) = -85*p - 2830. Determine r(-33).
-25
Let j(q) = 3*q**2 + 29*q - 66. Give j(2).
4
Let t(g) = -g**2 - 84*g + 360. Determine t(-88).
8
Let z(q) = 3*q**